{"id":53,"date":"2019-06-28T15:26:42","date_gmt":"2019-06-28T13:26:42","guid":{"rendered":"http:\/\/rechtsexpert.de\/web\/?page_id=53"},"modified":"2022-04-04T20:22:43","modified_gmt":"2022-04-04T18:22:43","slug":"privacy-policy","status":"publish","type":"page","link":"http:\/\/rechtsexpert.de\/web\/privacy-policy\/","title":{"rendered":"privacy policy"},"content":{"rendered":"\n<h3 class=\"wp-block-heading\">Datenschutzerkl\u00e4rung<\/h3>\n\n\n\n<p>Der Schutz Ihrer personenbezogenen Daten wird sehr ernst genommen. Personenbezogene und pers\u00f6nliche Daten werden vertraulich und gem\u00e4\u00df der jeweils geltenden gesetzlichen Datenschutzbestimmungen behandelt. Diese Datenschutzerkl\u00e4rung erl\u00e4utert dem Nutzer die Art, den Umfang und die Zwecke der Erhebung und Verarbeitung.&nbsp;<\/p>\n\n\n\n<h3 class=\"wp-block-heading\">Verarbeitete Daten<\/h3>\n\n\n\n<p>Die Nutzung Website ist grunds\u00e4tzlich ohne die Angabe personenbezogener Daten m\u00f6glich. Ich erhebe nur die von Ihrem Internet-Provider mitgeteilten Angaben (v. a. die Ihnen zugewiesene IP-Adresse). Diese Informationen wird von mir lediglich f\u00fcr die Dauer des Website-Besuchs gespeichert; eine Auswertung erfolgt ausschlie\u00dflich zu statistischen Zwecken, wobei der einzelne Nutzer anonym bleibt. Sie sind nicht verpflichtet im Rahmen der Nutzung der Website personenbezogene Daten bereitzustellen. Allerdings gibt es Services, f\u00fcr die personenbezogene Daten ben\u00f6tigt werden, z.B. um Ihnen Informationen zu \u00fcbersenden. Ohne diese Daten k\u00f6nnen die gew\u00fcnschten Leistungen nicht erbracht werden. Ich erhebe jeweils nur die tats\u00e4chlich erforderlichen Daten.<\/p>\n\n\n\n<h3 class=\"wp-block-heading\">Zwecke der Datenverarbeitung<\/h3>\n\n\n\n<p>Ich erhebe und verarbeite personenbezogene Daten nur, wenn dies gesetzlich erlaubt ist oder der Website-Besucher explizit und freiwillig eingewilligt hat. Wenn Sie in bestimmten F\u00e4llen Ihre pers\u00f6nlichen Daten hierher mitteilen, werden diese entsprechend den am Sitz der Kanzlei geltenden datenschutzrechtlichen Bestimmungen vertraulich behandelt. Wenn Sie&nbsp; eine email senden dann werden die von Ihnen eingegebenen Daten&nbsp; (wie Name, Anschrift, Telefon, Fax, email, Geburtsdatum, Aktenzeichen), nur zur Bearbeitung Ihrer Akte, Ihrer Anfrage und f\u00fcr die Korrespondenz mit Ihnen gespeichert, z.B. \u00dcbersendung der erbetenen Unterlagen\/Informationen oder f\u00fcr die im einzelnen Formular genannten Zwecke. Sollten&nbsp; Ihre personenbezogenen Daten f\u00fcr einen dort nicht genannten Zweck verarbeiten werden, werden Sie zuvor dar\u00fcber informiert.<\/p>\n\n\n\n<h3 class=\"wp-block-heading\">Rechtsgrundlagen der Datenverarbeitung<\/h3>\n\n\n\n<p>Ich verarbeiten Ihr personenbezogenen Daten unter Beachtung der Bestimmungen der Europ\u00e4ischen Datenschutz-Grundverordnung (DSGVO), sowie aller weiteren ma\u00dfgeblichen Gesetze zur Verarbeitung personenbezogener Daten.&nbsp;<br><\/p>\n\n\n\n<p>Die konkrete Rechtsgrundlage f\u00fcr die Datenverarbeitung h\u00e4ngt davon ab, in welchem Zusammenhang und f\u00fcr welchen Zweck ich Ihre Daten erhalte. Sie werden falls erforderlich bei der jeweiligen Anwendung&nbsp; gesondert darauf hingewisen.&nbsp;<br><\/p>\n\n\n\n<p>In der Regel wird die Rechtsgrundlage entweder \u201eberechtigte Interessen des Verantwortlichen\u201c (Art. 6 I Satz1&nbsp; lit. f DSGVO), z.B. zur Abwicklung der Kommunikation sein oder&nbsp; die \u201eDurchf\u00fchrung vorvertraglicher Ma\u00dfnahmen oder die Erf\u00fcllung eines Vertrages\u201c (Art. 6 I Satz1 lit b DSGVO), z.B. bei einem Antrag der betroffenen Person oder z.B. auch die Einwilligung des Nutzers bzw. der betroffenen Person (Art. 6 I Satz1 lit a DSGVO).<\/p>\n\n\n\n<h3 class=\"wp-block-heading\">Empf\u00e4nger der personenbezogenen Daten<\/h3>\n\n\n\n<p>Es erhalten nur die Personen und Stellen die betroffenen Daten, die f\u00fcr den jeweiligen Vorgang zust\u00e4ndig sind. An diese Empf\u00e4nger wird nur \u00fcbermittelt, soweit dies zur Erf\u00fcllung von vertraglichen oder gesetzlichen Pflichten erforderlich ist -vor allem an Aufsichtsbeh\u00f6rden.<\/p>\n\n\n\n<h3 class=\"wp-block-heading\">\u00dcbermittlung in Drittl\u00e4nder<\/h3>\n\n\n\n<p>Sollten personenbezogene Daten an Dienstleister au\u00dferhalb des Europ\u00e4ischen Wirtschaftsraums (EWR) \u00fcbermittelt werden, erfolgt die \u00dcbermittlung nur, soweit dem Drittland durch die EU-Kommission ein angemessenes Datenschutzniveau best\u00e4tigt wurde oder andere angemessene Datenschutzgarantien (z.B. die Vereinbarung von EU-Standardvertragsklauseln, Privacy Shield) vorhanden sind.<\/p>\n\n\n\n<h3 class=\"wp-block-heading\">Ma\u00dfnahmen zum Schutz Ihrer Daten<\/h3>\n\n\n\n<p>Ich&nbsp; treffe jeweils nach dem Stand der Technik angemessene technische und organisatorische Sicherheitsvorkehrungen, um Daten gegen zuf\u00e4llige oder vors\u00e4tzliche Manipulationen, Verlust, Zerst\u00f6rung oder gegen den Zugriff unberechtigter Personen zu sch\u00fctzen.<\/p>\n\n\n\n<h3 class=\"wp-block-heading\">Ihre Datenschutzrechte<\/h3>\n\n\n\n<p>Sie k\u00f6nnen unter die am Ende angegebene Adresse Auskunft \u00fcber die zu Ihrer Person gespeicherten Daten verlangen. Dar\u00fcber hinaus k\u00f6nnen Sie unter bestimmten Voraussetzungen die Berichtigung oder die L\u00f6schung Ihrer Daten verlangen. Ihnen kann weiterhin ein Recht auf Einschr\u00e4nkung der Verarbeitung Ihrer Daten sowie ein Recht auf Herausgabe der von Ihnen bereitgestellten Daten in einem strukturierten, g\u00e4ngigen und maschinenlesbaren Format zustehen.<\/p>\n\n\n\n<h3 class=\"wp-block-heading\">Widerspruchsrecht<\/h3>\n\n\n\n<p>Verarbeitet die Kanzlei Ihre Daten zur Wahrung berechtigter Interessen, k\u00f6nnen Sie dieser Verarbeitung aus Gr\u00fcnden, die sich aus Ihrer besonderen Situation ergeben, widersprechen. Die Kanzlei verarbeitet Ihre personenbezogenen Daten dann nicht mehr, es sei denn, es k\u00f6nnen zwingende schutzw\u00fcrdige Gr\u00fcnde f\u00fcr die Verarbeitung nachgewiesen werden, die Ihren Interessen, Rechten und Freiheiten \u00fcberwiegen, oder aber die Verarbeitung dient der Geltendmachung, Aus\u00fcbung oder Verteidigung von Rechtsanspr\u00fcchen. Verarbeitet die Kanzlei Ihre Daten aufgrund einer von Ihnen erteilten Einwilligung, k\u00f6nnen Sie diese Einwilligung jederzeit mit Wirkung f\u00fcr die Zukunft widerrufen.<\/p>\n\n\n\n<h3 class=\"wp-block-heading\">Beschwerderecht bei der Aufsichtsbeh\u00f6rde<\/h3>\n\n\n\n<p>Sie haben die M\u00f6glichkeit, sich mit einer Beschwerde an den oben genannten Datenschutzbeauftragten oder an eine Datenschutzaufsichtsbeh\u00f6rde zu wenden. Die f\u00fcr diese Kanzlei zust\u00e4ndige Datenschutzaufsichtsbeh\u00f6rde ist:<\/p>\n\n\n\n<p>Bayerisches Landesamt f\u00fcr Datenschutzaufsicht (BayLDA)<br>Promenade 27<br>91522 Ansbach<br>Telefon:+49 981 53-5300<br>Fax: +49 981 53-1301<br>email:&nbsp;<a href=\"mailto:poststelle@lda.bayern.de?subject=\">poststelle(at)lda.bayern.de<\/a><\/p>\n\n\n\n<h3 class=\"wp-block-heading\">Dauer der Datenspeicherung<\/h3>\n\n\n\n<p>Ihre personenbezogenen Daten werden gel\u00f6scht, sobald sie f\u00fcr die genannten Zwecke nicht mehr erforderlich sind, es sei denn, dass rechtliche Nachweis- und Aufbewahrungspflichten, die unter anderem im Handelsgesetzbuch, in den Steuergesetzen und der Abgabenordnung geregelt sind, dem entgegenstehen. Die Speicherfristen betragen danach in der Regel bis zu zehn Jahre. Au\u00dferdem kann es vorkommen, dass personenbezogene Daten f\u00fcr die Zeit aufbewahrt werden, in der Anspr\u00fcche gegen uns geltend gemacht werden k\u00f6nnen (gesetzliche Verj\u00e4hrungsfrist von drei oder bis zu 30 Jahren). Erg\u00e4nzende Informationen finden Sie, soweit relevant, bei den einzelnen Datenverarbeitungen.<\/p>\n\n\n\n<h3 class=\"wp-block-heading\">Automatisierte Einzelfallentscheidungen<\/h3>\n\n\n\n<p>Ich nutze derzeit keine im Einzelfall rein automatisierte Verarbeitungsprozesse zur Herbeif\u00fchrung einer Entscheidung \u2013 auch kein Profiling.<\/p>\n\n\n\n<h3 class=\"wp-block-heading\">Verwendung Ihrer Daten<\/h3>\n\n\n\n<p>Gem\u00e4\u00df der DSGVO bestehen gesetzliche Informationspflichten, sobald und soweit personenbezogene Daten zur Verarbeitung bei Ihnen erhoben werden. Wenn Sie zum Beispiel als Verfahrensgegner das erste Mal angeschrieben werden, erhalten sie ein Informationsblatt, in dem Sie detailliert \u00fcber die konkrete Verwendung Ihrer personenbezogenen Daten unterrichte werden.<\/p>\n\n\n\n<h3 class=\"wp-block-heading\">Umgang mit E-Mails<\/h3>\n\n\n\n<p>Eine von Ihnen angegebene email-Adresse kann von mir genutzt werden, um Ihnen per email mit der gew\u00fcnschten Information zu antworten. Bezieht sich der Inhalt Ihrer Nachricht auf ein hiesiges Auftragsverh\u00e4ltnis, bewahre ich die email auf. Die email Adresse wird ausschlie\u00dflich zur Korrespondenz mit Ihnen gespeichert und nicht an nichtberechtigte Dritte weitergegeben.&nbsp;<\/p>\n\n\n\n<h3 class=\"wp-block-heading\">Haftungsausschluss<\/h3>\n\n\n\n<h4 class=\"wp-block-heading\">Haftung f\u00fcr Inhalte<\/h4>\n\n\n\n<p>Die Inhalte dieser Seite werden mit gr\u00f6\u00dfter Sorgfalt erstellt. F\u00fcr Richtigkeit, Vollst\u00e4ndigkeit und Aktualit\u00e4t k\u00f6nnen kann jedoch keine Gew\u00e4hr \u00fcbernommen werden. Die Informationen auf dieser Seite sind allgemeiner und informativer Art. Sie dienen der allgemeinen Information und stellen keine Rechtsberatung dar.&nbsp;<\/p>\n\n\n\n<h4 class=\"wp-block-heading\">\u00c4nderung dieser Erkl\u00e4rung<\/h4>\n\n\n\n<p>Die Weiterentwicklung der Internetseiten und \u00c4nderungen der Technik f\u00fchren von Zeit zu Zeit zu Anpassungen an unserer Datenschutzerkl\u00e4rung. Bitte beachten Sie bei Ihrem Besuch jeweils die aktuelle Version der Datenschutzerkl\u00e4rung.&nbsp;<\/p>\n\n\n\n<p>Diese Datenschutz-Information gilt f\u00fcr die Datenverarbeitung durch:<\/p>\n\n\n\n<p>Rechtsanwalt Ole Eilers<br>Liebigstr 12<br>80538 M\u00fcnchen<br>Telefon: +49 89 64257577<br>email:\u00a0<a href=\"mailto:raeilers@rechtsexpert.de?subject=\">raeilers(at)rechtsexpert.de<\/a><\/p>\n","protected":false},"excerpt":{"rendered":"<p>Datenschutzerkl\u00e4rung Der Schutz Ihrer personenbezogenen Daten wird sehr ernst genommen. Personenbezogene und pers\u00f6nliche Daten werden vertraulich und gem\u00e4\u00df der jeweils geltenden gesetzlichen Datenschutzbestimmungen behandelt. Diese Datenschutzerkl\u00e4rung erl\u00e4utert dem Nutzer die Art, den Umfang und die Zwecke der Erhebung und Verarbeitung.&nbsp; Verarbeitete Daten Die Nutzung Website ist grunds\u00e4tzlich ohne die Angabe personenbezogener Daten m\u00f6glich. Ich erhebe [&hellip;]<\/p>\n","protected":false},"author":1,"featured_media":0,"parent":0,"menu_order":0,"comment_status":"closed","ping_status":"closed","template":"","meta":{"site-sidebar-layout":"default","site-content-layout":"default","ast-site-content-layout":"default","site-content-style":"default","site-sidebar-style":"default","ast-global-header-display":"","ast-banner-title-visibility":"","ast-main-header-display":"","ast-hfb-above-header-display":"","ast-hfb-below-header-display":"","ast-hfb-mobile-header-display":"","site-post-title":"","ast-breadcrumbs-content":"","ast-featured-img":"","footer-sml-layout":"","theme-transparent-header-meta":"default","adv-header-id-meta":"","stick-header-meta":"","header-above-stick-meta":"","header-main-stick-meta":"","header-below-stick-meta":"","astra-migrate-meta-layouts":"default","ast-page-background-enabled":"default","ast-page-background-meta":{"desktop":{"background-color":"","background-image":"","background-repeat":"repeat","background-position":"center center","background-size":"auto","background-attachment":"scroll","background-type":"","background-media":"","overlay-type":"","overlay-color":"","overlay-opacity":"","overlay-gradient":""},"tablet":{"background-color":"","background-image":"","background-repeat":"repeat","background-position":"center center","background-size":"auto","background-attachment":"scroll","background-type":"","background-media":"","overlay-type":"","overlay-color":"","overlay-opacity":"","overlay-gradient":""},"mobile":{"background-color":"","background-image":"","background-repeat":"repeat","background-position":"center center","background-size":"auto","background-attachment":"scroll","background-type":"","background-media":"","overlay-type":"","overlay-color":"","overlay-opacity":"","overlay-gradient":""}},"ast-content-background-meta":{"desktop":{"background-color":"var(--ast-global-color-5)","background-image":"","background-repeat":"repeat","background-position":"center center","background-size":"auto","background-attachment":"scroll","background-type":"","background-media":"","overlay-type":"","overlay-color":"","overlay-opacity":"","overlay-gradient":""},"tablet":{"background-color":"var(--ast-global-color-5)","background-image":"","background-repeat":"repeat","background-position":"center center","background-size":"auto","background-attachment":"scroll","background-type":"","background-media":"","overlay-type":"","overlay-color":"","overlay-opacity":"","overlay-gradient":""},"mobile":{"background-color":"var(--ast-global-color-5)","background-image":"","background-repeat":"repeat","background-position":"center center","background-size":"auto","background-attachment":"scroll","background-type":"","background-media":"","overlay-type":"","overlay-color":"","overlay-opacity":"","overlay-gradient":""}},"footnotes":""},"class_list":["post-53","page","type-page","status-publish","hentry"],"_links":{"self":[{"href":"http:\/\/rechtsexpert.de\/web\/wp-json\/wp\/v2\/pages\/53","targetHints":{"allow":["GET"]}}],"collection":[{"href":"http:\/\/rechtsexpert.de\/web\/wp-json\/wp\/v2\/pages"}],"about":[{"href":"http:\/\/rechtsexpert.de\/web\/wp-json\/wp\/v2\/types\/page"}],"author":[{"embeddable":true,"href":"http:\/\/rechtsexpert.de\/web\/wp-json\/wp\/v2\/users\/1"}],"replies":[{"embeddable":true,"href":"http:\/\/rechtsexpert.de\/web\/wp-json\/wp\/v2\/comments?post=53"}],"version-history":[{"count":5,"href":"http:\/\/rechtsexpert.de\/web\/wp-json\/wp\/v2\/pages\/53\/revisions"}],"predecessor-version":[{"id":80,"href":"http:\/\/rechtsexpert.de\/web\/wp-json\/wp\/v2\/pages\/53\/revisions\/80"}],"wp:attachment":[{"href":"http:\/\/rechtsexpert.de\/web\/wp-json\/wp\/v2\/media?parent=53"}],"curies":[{"name":"wp","href":"https:\/\/api.w.org\/{rel}","templated":true}]}}